on divisor of a and 56?
8
Let o be (-98)/539 - 312/(-22). What is the highest common divisor of o and 2?
2
Suppose -10*x = -3*x + 1281. Let q = -50 - x. What is the highest common divisor of q and 7?
7
Suppose 2*f - 33 = 29. Let u = f + -29. What is the greatest common divisor of 16 and u?
2
Let m(k) = k**2 - k - 1. Let i be m(-2). Suppose 0*s - s = -i*r + 769, -2*s = -3*r + 460. Let u = 18 - 4. What is the highest common divisor of u and r?
14
Let l = 319 - 307. What is the greatest common factor of l and 2136?
12
Let b = -46 + 67. What is the highest common factor of 63 and b?
21
Let p(g) = -g**3 + 10*g**2 + 15*g - 6. Let m be ((-22)/(-5))/(8/20). Let y be p(m). What is the greatest common factor of y and 95?
19
Suppose 0*g + p = 4*g - 94, 5*g + 5*p - 130 = 0. Let a = g + -8. Calculate the highest common divisor of 16 and a.
16
Suppose x = -25 + 28. Suppose -x*i + 107 = -46. What is the highest common divisor of i and 306?
51
Suppose 5 = -2*o + 5*n, -o + n - 3*n = -2. Suppose 5*a + 5*g - 25 = o, -4*a - 5*g = -26 + 3. Calculate the greatest common factor of a and 34.
2
Suppose 4*x - 3*j - 924 = -6*j, -693 = -3*x + 4*j. Suppose 3*c - x = 174. Calculate the greatest common factor of 15 and c.
15
Let v = -221 + 608. Calculate the greatest common divisor of 9 and v.
9
Let m be -18 - (0 - (-2 + 1)). Let n = m - -21. Suppose -p - 3*p + 14 = -2*c, 3*p - 14 = -n*c. What is the greatest common divisor of p and 28?
4
Let v(u) = -3*u + 3. Let x be v(-5). Let a = x + 0. Let m = -36 + 72. What is the highest common divisor of a and m?
18
Let z = -1047 + 1122. Calculate the greatest common factor of z and 9.
3
Let l be (-1)/(-2)*(-4)/5*-75. Let r be (2 - 1)*(10 + 2). Calculate the greatest common factor of l and r.
6
Let v(q) = -10 - 54*q + 151*q - 54*q - 46*q. Suppose -4*k - 20 = k. Let w be v(k). Calculate the greatest common factor of w and 5.
1
Let b = -6 - -8. Suppose 17*u - 395 + 106 = 0. Let p = u - b. Calculate the highest common factor of 45 and p.
15
Suppose 5*z - 682 = -142. Suppose -2*l - z = -5*t, -141 = -5*t - l - 30. Calculate the greatest common divisor of t and 88.
22
Let z(h) = 12*h + 12. Let m be z(10). Calculate the highest common divisor of 484 and m.
44
Let z(x) = x**2 + 9*x + 28. Let y be z(-12). Calculate the highest common divisor of 320 and y.
64
Suppose 501*f + 136 = 503*f. Let k be (-3)/(-1)*(-1)/1. Let t be 18 - (2*-1 - k). What is the highest common divisor of f and t?
17
Let l(i) = -i - 6. Let w be l(-18). Let m = w - 11. Calculate the highest common divisor of m and 5.
1
Suppose 0 = 3*r - 3, -2*x - 3*x + 3*r + 357 = 0. Calculate the highest common factor of 3 and x.
3
Suppose t + 5*a = 140, -t + 139 = 4*a + 2. What is the greatest common divisor of 50 and t?
25
Let g = 16 + -13. Suppose -g*m = 5*m - 336. Let n be 1 + (4 - (-1 - m)). What is the highest common factor of n and 6?
6
Let j(l) = 84*l - 2. Let t be j(3). Suppose 3*o = 8*o - t. What is the highest common factor of o and 50?
50
Let r = 63 + -68. Let c(v) = -8*v - 13. Let t be c(r). Let x = -2 - -5. Calculate the greatest common divisor of t and x.
3
Let b(f) = -5*f - 8. Let z be b(4). Let p = z + 31. What is the highest common factor of p and 3?
3
Suppose -2 = -j + 1. Let o be (-143)/(-165) + 8/60. What is the highest common factor of j and o?
1
Let o = 236 - 12. Suppose 5*i - 2*i + 2*a - 332 = 0, 2*a = -2*i + o. Calculate the greatest common divisor of i and 12.
12
Let n = -386 + 422. Calculate the highest common divisor of n and 117.
9
Suppose 5*f = p - 337, -p + 2*f + 346 = -0*p. Let j = 415 - 383. Calculate the highest common factor of p and j.
32
Suppose 34*u = 30*u. Suppose u = 5*c - c. Suppose c = -g + m + 5 + 15, 3*g = -m + 60. Calculate the greatest common factor of 4 and g.
4
Suppose -b + 3*z = -50, -120 = -2*b - 2*z + 4*z. Calculate the highest common factor of 130 and b.
65
Suppose 0 = -2*c + 4, 181 = -3*b + 8*b + 3*c. Calculate the highest common factor of b and 15.
5
Suppose 0 = -2*r - 0*r + 28. Suppose 20*s - 4*o + 22 = 21*s, -5*s + 195 = 3*o. Calculate the greatest common divisor of r and s.
14
Let h be (-6438)/(-9) + 3/(-9). Suppose -11*w + 16*w = h. Calculate the highest common factor of 13 and w.
13
Let w = -642 + 650. What is the highest common factor of w and 208?
8
Suppose -6*d + 3*d = -36. Let f be (d/8)/(6/20). What is the greatest common factor of f and 5?
5
Let j(g) = 137*g**2 - 2*g + 11. Let o be j(3). Suppose 5*h + 118 = o. What is the highest common divisor of 16 and h?
16
Let o(r) = 13*r - 9. Let k be o(3). What is the greatest common divisor of k and 48?
6
Let y be 33*(-300)/(-108)*3. What is the highest common factor of 25 and y?
25
Suppose -2*w + 87 = 3*t, 0 = -5*w + 3*w - 4*t + 84. What is the highest common divisor of w and 132?
12
Suppose -k + 8 = l, 0 = k + 2*l + 1 - 13. Suppose 0 = -k*a + 16, 4*f = 6*f - 4*a - 10. Calculate the highest common divisor of f and 52.
13
Let l = 4 + 1. Suppose l*h + 2 = 22. Suppose -w - h*w + 40 = 0. What is the greatest common divisor of 8 and w?
8
Let x be (2 + -3 - 1) + 23. Let w(f) = -f + 1. Let m be w(-1). Let u be (-1 - m - -17)/1. Calculate the greatest common divisor of x and u.
7
Let l = 24 + -20. Let p be (1 - (0 + 3))*l. Let i be (6/p)/((-20)/960). Calculate the greatest common factor of 12 and i.
12
Let u(w) be the third derivative of -w**6/120 + w**5/15 + w**4/24 - w**3/6 + w**2. Let n be u(1). Calculate the highest common factor of n and 27.
3
Let p be 810/(-4320) - 19/(-16). Let h = 25 + -17. Calculate the highest common factor of h and p.
1
Let j(n) = -8*n**2 - 2*n. Let c = -20 - -18. Let i be j(c). Let d be (55/(-10) - -4)*i. What is the greatest common divisor of d and 63?
21
Let h be 16/2*(0 - -1). Suppose -4*d + 4 = 3*a, 2*d - 6 = 3*d - a. Let i be (0 + d)*-1 + h. Calculate the greatest common divisor of i and 20.
10
Suppose 0 = 4*z + q - 47, -17 - 11 = -2*z - 2*q. Let k = 5 - z. Let a be ((-135)/18)/(1/k). Calculate the highest common factor of a and 30.
15
Let u be ((-1)/4)/(3/(-48)). Suppose -u*t + 4 = -24. Calculate the greatest common factor of t and 91.
7
Let h(m) = 41*m + 4. Let l be (-2 - -6) + 49/7. Let f be h(l). Suppose 5*v + 265 = 2*r, 5*v = -4*r - 0*r + f. Calculate the greatest common factor of r and 24.
24
Let h = 2 + -1. Let b = 5 - h. Suppose 44*o - 304 = o - 33*o. What is the greatest common factor of b and o?
4
Let c(x) = -x**3 + 7*x**2 - 10*x + 26. Let b be c(6). Let r be (-31)/(-5) - b/10. Calculate the greatest common factor of r and 30.
6
Suppose 3*v = -77 + 26. Let c be (4 - 5) + (1 - v). Let y(b) = -b**2 - 11*b + 6. Let o be y(-7). Calculate the greatest common factor of o and c.
17
Suppose -2*q = -5*v - 196, 2*v = -5*q + 385 + 163. Let n = 43 + -31. Calculate the greatest common divisor of q and n.
12
Let d = 45 - 107. Let v = d - -92. Calculate the greatest common factor of 30 and v.
30
Let j(k) = 8*k + 7. Let h(o) = -o - 1. Let b(a) = -18*h(a) - 2*j(a). Let z be b(3). Calculate the greatest common factor of 5 and z.
5
Suppose -11*n + 133 = 8*n. Let w = -18 + 25. What is the highest common divisor of n and w?
7
Suppose 5*z = 5*o + 250, -63 - 112 = -3*z - 2*o. Suppose -7*h + 2*h = -110. What is the highest common factor of z and h?
11
Let x = -79 - -124. Suppose 5 + x = 5*o. Calculate the highest common factor of o and 30.
10
Let r(v) = -v**3 + 17*v**2 - 7*v + 63. Let p be r(15). What is the greatest common factor of p and 17?
17
Suppose 5*w - 90 = -d, -w = 5*d - 2*w - 450. Suppose -12*m = 915 - 1035. What is the greatest common factor of d and m?
10
Suppose -c + 4*u - 384 = c, -3*c - 2*u = 536. Let p = -98 - c. Calculate the greatest common factor of 12 and p.
12
Suppose -i - 19*h + 72 = -17*h, -3*i = -4*h - 186. Calculate the highest common divisor of 264 and i.
66
Let l be (9879/(-12) - 0)/(11/(-44)). Calculate the highest common factor of l and 89.
89
Suppose 5*y = -3*f + 342, -6*y + 4*y = -f - 128. Let r = 17 - 11. What is the highest common factor of r and y?
6
Suppose -3*i - 134 = -5*c, 5*c - 43 = -5*i + 67. Suppose -3*w + 13 = -2*p, -p = 4*p + c. What is the greatest common divisor of w and 4?
1
Let b be (-2875)/(-40) + (-8)/(-64). Let x be 2 - (-1)/((-3)/(-138)). What is the highest common divisor of b and x?
24
Let a be (11 - 200/16)/((-3)/